{"id":54,"date":"2021-11-10T12:31:19","date_gmt":"2021-11-10T12:31:19","guid":{"rendered":"https:\/\/sites.grandecircular.com\/publicacion-ipa\/?page_id=54"},"modified":"2025-07-23T13:53:34","modified_gmt":"2025-07-23T13:53:34","slug":"expediente","status":"publish","type":"page","link":"https:\/\/sites.grandecircular.com\/publicacion-ipa\/expediente\/","title":{"rendered":"\u00cdndice"},"content":{"rendered":"\n<p><strong>Coordinaci\u00f3n:&nbsp;<\/strong><\/p>\n\n\n\n<p>Instituto Panamaz\u00f4nico | IPA<\/p>\n\n\n\n<p>Instituto de Pesquisa e Forma\u00e7\u00e3o Ind\u00edgena | Iep\u00e9<\/p>\n\n\n\n<p><strong>Investigaciones e informes base por pa\u00eds:<\/strong><\/p>\n\n\n\n<p>Bolivia | Daniel Marcelo Larrea Alc\u00e1zar<\/p>\n\n\n\n<p>Brasil | Renata Camargo de Ara\u00fajo<\/p>\n\n\n\n<p>Colombia | Marcela Jim\u00e9nez Larrarte<\/p>\n\n\n\n<p>Ecuador | Karina Barrera<\/p>\n\n\n\n<p>Guayana | Samantha James<\/p>\n\n\n\n<p>Per\u00fa | Milagros Sandoval<\/p>\n\n\n\n<p>Suriname | Janet van Klaveren y Priscilla Miranda<\/p>\n\n\n\n<p>Venezuela | Jaime Ponce<\/p>\n\n\n\n<p><strong>S\u00edntesis regional, investigaci\u00f3n y textos:&nbsp;<\/strong><\/p>\n\n\n\n<p>Ana Mar\u00eda Parra Borda<\/p>\n\n\n\n<p>Milagros Sandoval<\/p>\n\n\n\n<p><strong>Comit\u00e9 editorial:&nbsp;<\/strong><\/p>\n\n\n\n<p>Carolina Herrera Vargas<\/p>\n\n\n\n<p>Luisa Fernanda Bacca Benavides<\/p>\n\n\n\n<p>Maria Paula Estrada Duque<\/p>\n\n\n\n<p><strong>Dise\u00f1o gr\u00e1fico y diagramaci\u00f3n:&nbsp;<\/strong><\/p>\n\n\n\n<p><a href=\"http:\/\/grandecircular.com\">Grande Circular<\/a><\/p>\n\n\n\n<p><strong>Fecha de publicaci\u00f3n:&nbsp;<\/strong><\/p>\n\n\n\n<p>Julio de 2025.&nbsp;<\/p>\n\n\n\n<p><strong>Traducciones:<\/strong><\/p>\n\n\n\n<p>Nombre Apellido \u2013 Portugu\u00e9s<\/p>\n\n\n\n<p>Nombre Apellido \u2013 Ingl\u00e9s<\/p>\n","protected":false},"excerpt":{"rendered":"<p>Coordinaci\u00f3n:&nbsp; Instituto Panamaz\u00f4nico | IPA Instituto de Pesquisa e Forma\u00e7\u00e3o Ind\u00edgena | Iep\u00e9 Investigaciones e informes base por pa\u00eds: Bolivia | Daniel Marcelo Larrea Alc\u00e1zar Brasil | Renata Camargo de Ara\u00fajo Colombia | Marcela Jim\u00e9nez Larrarte Ecuador | Karina Barrera Guayana | Samantha James Per\u00fa | Milagros Sandoval Suriname | Janet van Klaveren y Priscilla &hellip; <a href=\"https:\/\/sites.grandecircular.com\/publicacion-ipa\/expediente\/\">Continued<\/a><\/p>\n","protected":false},"author":1,"featured_media":1241,"parent":0,"menu_order":0,"comment_status":"closed","ping_status":"closed","template":"","meta":{"_acf_changed":false,"inline_featured_image":false,"footnotes":""},"class_list":["post-54","page","type-page","status-publish","has-post-thumbnail","hentry"],"acf":{"cover_background_color":"#e7e0d4","cover_type":"default","cover_text_color":"#3a4742","cover_desktop_image":"","previous_unit":"","next_unit":""},"_links":{"self":[{"href":"https:\/\/sites.grandecircular.com\/publicacion-ipa\/wp-json\/wp\/v2\/pages\/54","targetHints":{"allow":["GET"]}}],"collection":[{"href":"https:\/\/sites.grandecircular.com\/publicacion-ipa\/wp-json\/wp\/v2\/pages"}],"about":[{"href":"https:\/\/sites.grandecircular.com\/publicacion-ipa\/wp-json\/wp\/v2\/types\/page"}],"author":[{"embeddable":true,"href":"https:\/\/sites.grandecircular.com\/publicacion-ipa\/wp-json\/wp\/v2\/users\/1"}],"replies":[{"embeddable":true,"href":"https:\/\/sites.grandecircular.com\/publicacion-ipa\/wp-json\/wp\/v2\/comments?post=54"}],"version-history":[{"count":16,"href":"https:\/\/sites.grandecircular.com\/publicacion-ipa\/wp-json\/wp\/v2\/pages\/54\/revisions"}],"predecessor-version":[{"id":1331,"href":"https:\/\/sites.grandecircular.com\/publicacion-ipa\/wp-json\/wp\/v2\/pages\/54\/revisions\/1331"}],"wp:featuredmedia":[{"embeddable":true,"href":"https:\/\/sites.grandecircular.com\/publicacion-ipa\/wp-json\/wp\/v2\/media\/1241"}],"wp:attachment":[{"href":"https:\/\/sites.grandecircular.com\/publicacion-ipa\/wp-json\/wp\/v2\/media?parent=54"}],"curies":[{"name":"wp","href":"https:\/\/api.w.org\/{rel}","templated":true}]}}